{"id":5094,"date":"2024-06-28T19:31:49","date_gmt":"2024-06-28T16:31:49","guid":{"rendered":"https:\/\/tursaytravel.com\/wycieczka-adrasan-suluada-z-alanyi\/"},"modified":"2026-04-26T13:05:29","modified_gmt":"2026-04-26T10:05:29","slug":"wycieczka-adrasan-suluada-z-alanyi","status":"publish","type":"product","link":"https:\/\/tursaytravel.com\/pl\/wycieczka-adrasan-suluada-z-alanyi\/","title":{"rendered":"Wycieczka Adrasan-Suluada z Alanyi"},"content":{"rendered":"<h2>Wycieczka Adrasan-Suluada z Alanyi<\/h2>\n<p>Pla\u017ca Adrasan Suluada to ma\u0142a pla\u017ca wyspiarska po\u0142o\u017cona w pobli\u017cu miasta Adrasan w prowincji Antalya w Turcji. Pla\u017ca ta jest szczeg\u00f3lnie znana z krystalicznie czystej wody i bia\u0142ego piasku. Nazwa \u201eSuluada\u201d pochodzi od \u017ar\u00f3de\u0142 \u015bwie\u017cej wody wok\u00f3\u0142 wyspy. Pla\u017ca Suluada to idealne miejsce na ucieczk\u0119 dla mi\u0142o\u015bnik\u00f3w natury i mi\u0142o\u015bnik\u00f3w morza ze wzgl\u0119du na jej naturalne pi\u0119kno i spokojn\u0105 atmosfer\u0119. Mo\u017cesz odwiedzi\u0107 t\u0119 pi\u0119kn\u0105 wysp\u0119 i stworzy\u0107 niezapomniane wspomnienia w czystych wodach Morza \u015ar\u00f3dziemnego.    <\/p>\n<h2>Szczeg\u00f3\u0142y informacji o wycieczce:<\/h2>\n<ul>\n<li>Odbierzemy Ci\u0119 z hotelu oko\u0142o 04:30.<\/li>\n<li>Pojedziemy klimatyzowanym autobusem do zatoki Adrasan.<\/li>\n<li>Nasz rejs statkiem odb\u0119dzie si\u0119 mi\u0119dzy 10:00 a 16:00.<\/li>\n<li>Podczas tej wycieczki;<\/li>\n<li>Odwiedzimy odpowiednio pla\u017c\u0119 Suluada, \u017ar\u00f3d\u0142o wody Suluada, jaskini\u0119 Mi\u0142o\u015bci i pla\u017c\u0119 ameryka\u0144sk\u0105.<\/li>\n<li>B\u0119d\u0105 r\u00f3wnie\u017c przyjemne zaj\u0119cia i przerwy na p\u0142ywanie.<\/li>\n<li>Przerwa na obiad b\u0119dzie na pla\u017cy Suluada.<\/li>\n<li>Obiad jest wliczony w wycieczk\u0119. (Ryba, makaron, sa\u0142atka) <\/li>\n<li>Po zako\u0144czeniu rejsu statkiem powr\u00f3t do Alanyi.<\/li>\n<li>Odwieziemy Ci\u0119 do hotelu oko\u0142o 20:30.<\/li>\n<\/ul>\n<p>Baw si\u0119 ju\u017c \ud83d\ude42<\/p>\n<h2>W cenie:<\/h2>\n<ul>\n<li>Ubezpieczenie<\/li>\n<li>Przewodnik<\/li>\n<li>Odbi\u00f3r z hotelu\/powr\u00f3t do hotelu<\/li>\n<li>Obiad<\/li>\n<li>Herbata i ciasteczka<\/li>\n<li>Organiczny talerz owoc\u00f3w<\/li>\n<li>Wycieczka \u0142odzi\u0105<\/li>\n<\/ul>\n<h2>Opcjonalnie z ceny wy\u0142\u0105czone:<\/h2>\n<ul>\n<li>Napoje<\/li>\n<li>Przek\u0105ski<\/li>\n<\/ul>\n<h2>Wskaz\u00f3wki i dodatkowe informacje:<\/h2>\n<ul>\n<li>Powiniene\u015b zabra\u0107 ze sob\u0105 r\u0119cznik, str\u00f3j k\u0105pielowy, okulary przeciws\u0142oneczne, krem z filtrem.<\/li>\n<li>Godziny odbioru i powr\u00f3t mog\u0105 si\u0119 r\u00f3\u017cni\u0107 w zale\u017cno\u015bci od lokalizacji hotelu.<\/li>\n<\/ul>\n<h2>Informacje og\u00f3lne:<\/h2>\n<ul>\n<li>Dni wycieczek: Poniedzia\u0142ek, \u015aroda, Sobota<\/li>\n<li>Miejsce spotkania: Hotel.<\/li>\n<li>Godzina spotkania: 04:30<\/li>\n<li>Miejsce powr\u00f3tu: Hotel.<\/li>\n<li>Godzina powr\u00f3tu: 20:30<\/li>\n<li>Czas trwania wycieczki: 16 (transport wliczony)<\/li>\n<\/ul>\n","protected":false},"excerpt":{"rendered":"<h3>Cennik<\/h3>\n<table class=\"price-table\">\n<tbody>\n<tr>\n<td>Jedna osoba<\/td>\n<td>Doros\u0142y (&gt;7)<\/td>\n<td>40 \u20ac<\/td>\n<\/tr>\n<tr>\n<td>Jedna osoba<\/td>\n<td>Dziecko (4-6)<\/td>\n<td>30 \u20ac<\/td>\n<\/tr>\n<tr>\n<td>Jedna osoba <\/td>\n<td>Niemowl\u0119 (0-3)<\/td>\n<td>Bezp\u0142atny<\/td>\n<\/tr>\n<\/tbody>\n<\/table>\n","protected":false},"featured_media":5098,"comment_status":"open","ping_status":"closed","template":"","meta":{"_joinchat":[]},"product_brand":[],"product_cat":[60],"product_tag":[],"class_list":{"0":"post-5094","1":"product","2":"type-product","3":"status-publish","4":"has-post-thumbnail","6":"product_cat-wycieczki-w-alanyi","8":"first","9":"instock","10":"sold-individually","11":"shipping-taxable","12":"purchasable","13":"product-type-booking"},"booking_location":"","booking_location_type":"","booking_duration":1,"booking_duration_unit":"day","booking_buffer":0,"booking_cost":0,"booking_resources":[],"jetpack_sharing_enabled":true,"_links":{"self":[{"href":"https:\/\/tursaytravel.com\/pl\/wp-json\/wp\/v2\/product\/5094","targetHints":{"allow":["GET"]}}],"collection":[{"href":"https:\/\/tursaytravel.com\/pl\/wp-json\/wp\/v2\/product"}],"about":[{"href":"https:\/\/tursaytravel.com\/pl\/wp-json\/wp\/v2\/types\/product"}],"replies":[{"embeddable":true,"href":"https:\/\/tursaytravel.com\/pl\/wp-json\/wp\/v2\/comments?post=5094"}],"wp:featuredmedia":[{"embeddable":true,"href":"https:\/\/tursaytravel.com\/pl\/wp-json\/wp\/v2\/media\/5098"}],"wp:attachment":[{"href":"https:\/\/tursaytravel.com\/pl\/wp-json\/wp\/v2\/media?parent=5094"}],"wp:term":[{"taxonomy":"product_brand","embeddable":true,"href":"https:\/\/tursaytravel.com\/pl\/wp-json\/wp\/v2\/product_brand?post=5094"},{"taxonomy":"product_cat","embeddable":true,"href":"https:\/\/tursaytravel.com\/pl\/wp-json\/wp\/v2\/product_cat?post=5094"},{"taxonomy":"product_tag","embeddable":true,"href":"https:\/\/tursaytravel.com\/pl\/wp-json\/wp\/v2\/product_tag?post=5094"}],"curies":[{"name":"wp","href":"https:\/\/api.w.org\/{rel}","templated":true}]}}

<h2>Wycieczka Adrasan-Suluada z Alanyi</h2>
<p>Plaża Adrasan Suluada to mała plaża wyspiarska położona w pobliżu miasta Adrasan w prowincji Antalya w Turcji. Plaża ta jest szczególnie znana z krystalicznie czystej wody i białego piasku. Nazwa „Suluada” pochodzi od źródeł świeżej wody wokół wyspy. Plaża Suluada to idealne miejsce na ucieczkę dla miłośników natury i miłośników morza ze względu na jej naturalne piękno i spokojną atmosferę. Możesz odwiedzić tę piękną wyspę i stworzyć niezapomniane wspomnienia w czystych wodach Morza Śródziemnego.    </p>
<h2>Szczegóły informacji o wycieczce:</h2>
<ul>
<li>Odbierzemy Cię z hotelu około 04:30.</li>
<li>Pojedziemy klimatyzowanym autobusem do zatoki Adrasan.</li>
<li>Nasz rejs statkiem odbędzie się między 10:00 a 16:00.</li>
<li>Podczas tej wycieczki;</li>
<li>Odwiedzimy odpowiednio plażę Suluada, źródło wody Suluada, jaskinię Miłości i plażę amerykańską.</li>
<li>Będą również przyjemne zajęcia i przerwy na pływanie.</li>
<li>Przerwa na obiad będzie na plaży Suluada.</li>
<li>Obiad jest wliczony w wycieczkę. (Ryba, makaron, sałatka) </li>
<li>Po zakończeniu rejsu statkiem powrót do Alanyi.</li>
<li>Odwieziemy Cię do hotelu około 20:30.</li>
</ul>
<p>Baw się już 🙂</p>
<h2>W cenie:</h2>
<ul>
<li>Ubezpieczenie</li>
<li>Przewodnik</li>
<li>Odbiór z hotelu/powrót do hotelu</li>
<li>Obiad</li>
<li>Herbata i ciasteczka</li>
<li>Organiczny talerz owoców</li>
<li>Wycieczka łodzią</li>
</ul>
<h2>Opcjonalnie z ceny wyłączone:</h2>
<ul>
<li>Napoje</li>
<li>Przekąski</li>
</ul>
<h2>Wskazówki i dodatkowe informacje:</h2>
<ul>
<li>Powinieneś zabrać ze sobą ręcznik, strój kąpielowy, okulary przeciwsłoneczne, krem z filtrem.</li>
<li>Godziny odbioru i powrót mogą się różnić w zależności od lokalizacji hotelu.</li>
</ul>
<h2>Informacje ogólne:</h2>
<ul>
<li>Dni wycieczek: Poniedziałek, Środa, Sobota</li>
<li>Miejsce spotkania: Hotel.</li>
<li>Godzina spotkania: 04:30</li>
<li>Miejsce powrótu: Hotel.</li>
<li>Godzina powrótu: 20:30</li>
<li>Czas trwania wycieczki: 16 (transport wliczony)</li>
</ul>

<h3>Cennik</h3>
<table class="price-table">
<tbody>
<tr>
<td>Jedna osoba</td>
<td>Dorosły (&gt;7)</td>
<td>40 €</td>
</tr>
<tr>
<td>Jedna osoba</td>
<td>Dziecko (4-6)</td>
<td>30 €</td>
</tr>
<tr>
<td>Jedna osoba </td>
<td>Niemowlę (0-3)</td>
<td>Bezpłatny</td>
</tr>
</tbody>
</table>
